/3)/(p/(-231)). Suppose -m + 4 + d = 0. What is the remainder when 41 is divided by m?
8
Let b(x) = 18*x - 13. Let f be b(5). Let g = f - 45. Calculate the remainder when g is divided by 3.
2
Let t(s) be the first derivative of s**3/3 - 11*s**2 - 2*s - 18. What is the remainder when t(23) is divided by 14?
7
Suppose w - 3*z = 553, 5*w - 5*z - 3249 = -464. What is the remainder when w is divided by 33?
31
Let o = 94 + -15. Calculate the remainder when o is divided by 9.
7
Let l = -614 + 805. Calculate the remainder when l is divided by 32.
31
Let i(y) = 4*y**2 - 49*y - 56. What is the remainder when i(15) is divided by 29?
22
Let d(g) = 2*g**2 - 7*g - 1. Let b be d(4). Suppose 407 - 101 = b*q. Calculate the remainder when 15 is divided by 18/117 + q/13.
7
Let f = -1218 - -1314. What is the remainder when f is divided by 9?
6
Suppose -3*x - 3*j + 24 = 0, -29 = -4*x + 5*j - 6*j. What is the remainder when 559 is divided by x?
6
Let t = 32 + -31. Let a be (-1)/t + (-96)/(-3). Let g = a + -28. Calculate the remainder when 4 is divided by g.
1
Suppose -3*y = 3, -5*s + 2 + 269 = -y. Let j be (5/3)/(15/s). Let i = 7 + j. Calculate the remainder when i is divided by 8.
5
Let h = 198 + -154. Suppose -692 = -5*j + j. Calculate the remainder when j is divided by h.
41
Let b(r) be the second derivative of r**5/20 - r**4/12 - r**3/3 - r**2 + 12*r. What is the remainder when b(5) is divided by 15?
13
Suppose 0 = -6*m + 93 + 69. What is the remainder when m is divided by 2/(-14)*-10*7?
7
Let u = 27 - 11. Let h(j) = 6*j**2 - 3*j - 18. Let o(t) = t**2 - 1. Let z(s) = h(s) - 5*o(s). Calculate the remainder when u is divided by z(6).
1
Let a = 1422 + -1208. What is the remainder when a is divided by 44?
38
Suppose -21*d = -9*d - 2736. Calculate the remainder when d is divided by 59.
51
Suppose 61 - 17 = 4*v. Suppose -4*n + 18 = 2*n. Suppose g - 8 = -n*g, 68 = 2*o + 3*g. Calculate the remainder when o is divided by v.
9
Suppose 5*j + 56 = 46, 0 = 5*i + 2*j - 181. Calculate the remainder when 183 is divided by i.
35
Calculate the remainder when 1148 is divided by -1 + 85 + 12 + 0.
92
Let l be (-1)/(-4) + (-1239)/(-84). Calculate the remainder when (-1 - -3)/(-5 + 85/l) is divided by 1.
0
Let k(s) = -s**3 - 3*s**2 - s. Let a(f) = -344*f + 400. Calculate the remainder when a(1) is divided by k(-4).
16
Suppose 4*k = -b + 151, 9*b = 7*b - 2. What is the remainder when 175 is divided by k?
23
Suppose -5*u - 195 = -0*u + g, 3*u = -g - 119. Let r = u + 44. Calculate the remainder when 23 is divided by r.
5
Let n(x) = -16*x + 8. Let g be n(3). Calculate the remainder when ((-32)/g)/((-2)/(-75)) is divided by 8.
6
Suppose -v - 61 + 129 = 0. Calculate the remainder when v is divided by 40.
28
Let z = 58 + -37. Let q(k) = -6*k + 5. Calculate the remainder when q(-6) is divided by z.
20
Suppose p + 195 = 6*p. Let k = -15 + p. Calculate the remainder when k is divided by 14.
10
Suppose 0 = 5*z + 3*b - 47, b = -4*z - z + 49. Suppose 5*f + 4*u = 11, -2*u + z = 5*f - 3. Suppose 8 - 2 = 3*p. Calculate the remainder when f is divided by p.
1
Let c(u) = -u - 6. Let p be c(-6). Suppose -5*o + 85 = -p*o. Calculate the remainder when 67 is divided by o.
16
Suppose 23*b - 18*b = 75. Suppose m = 3*t + 9, t - 3*m = 2*m - 3. Calculate the remainder when -7*t/(6/8) is divided by b.
13
Suppose 675 = -44*m + 89*m. Suppose -4*b = -b + 27. Let v = b + 15. Calculate the remainder when m is divided by v.
3
Suppose 4*v - 5 - 11 = 0. Suppose 0*i - v*i = -56. Let b = -2781 + 2785. What is the remainder when i is divided by b?
2
Let z = -782 - -803. What is the remainder when 163 is divided by z?
16
Suppose -k + 12 = 2*k. Suppose -k*u - 49 = -3*i, i - 21 + 6 = u. Let c = 14 + -11. Calculate the remainder when i is divided by c.
2
Calculate the remainder when 4/(-3) - (-770)/6 is divided by 10.
7
Let w(z) = -z**3 + 17*z**2 - 39*z + 20. What is the remainder when w(11) is divided by 40?
37
Suppose 5*b + 2 = 5*v + 12, -4*v + 12 = 0. Suppose 0 = -5*o + 5, 0 = q - 0*q + b*o - 20. What is the remainder when 57 is divided by q?
12
Let y(l) = 6 - 8 - 3*l**3 + 3*l**2 + 4*l**3. Calculate the remainder when 52 is divided by y(2).
16
Let x(j) = j - 5. Let c be x(6). Calculate the remainder when c*(1 - -2) + 27 is divided by 16.
14
Suppose -2*r = -399 - 459. Calculate the remainder when r is divided by 12.
9
Suppose -2*f = -148 - 4. Let g = 6 + 33. What is the remainder when f is divided by g?
37
Let g = -1651 - -1676. Let m(r) = r**2 + 5*r + 7. Calculate the remainder when m(6) is divided by g.
23
Let b(h) = 11*h - 4. Suppose -3*d + 683 = d - 5*c, 2*d + 4*c - 374 = 0. What is the remainder when d is divided by b(2)?
15
Suppose 23*m = 35*m - 2796. Calculate the remainder when m is divided by 111.
11
Let l(b) be the third derivative of -b**2 + 0*b + 1/15*b**5 + 0 - 1/3*b**3 - 1/4*b**4 + 1/120*b**6. Calculate the remainder when 3 is divided by l(-5).
0
What is the remainder when -4 - (-11 - 32)*(-1 - -10) is divided by 24?
23
Let m be ((-3)/5)/((-4)/20). Let r(o) = 15*o - 9. Let h be r(3). Suppose -u + h = m*u. Calculate the remainder when u is divided by 6.
3
Calculate the remainder when 5/(2/(-3)*17/(-102)) is divided by 16.
13
Let x(b) = 2*b - 9. Suppose 0 = -0*k - 4*k + 32. Let q be x(k). Calculate the remainder when q/(-2 - 38/(-18)) is divided by 22.
19
Calculate the remainder when 51 is divided by -2*((-62)/248)/((-1)/(-22)).
7
Suppose 0 = -20*h + 78 + 302. Calculate the remainder when 69 is divided by h.
12
Suppose 7*a - 235 = 2*a. Let d = -33 + a. Calculate the remainder when 36 is divided by d.
8
Let a(p) = -5*p**3 + 6*p**2 + 7*p + 22. What is the remainder when a(-4) is divided by 38?
30
Let h = -6 - -11. Calculate the remainder when h is divided by 12*((-70)/(-120) - 2/6).
2
Calculate the remainder when 107 is divided by 69/46 - (-43)/2.
15
Suppose t = 4*t - 48. Calculate the remainder when 140 is divided by t.
12
Suppose -4*p - p = -35. Suppose 2*c + p = 73. Suppose i - 5*w = 4, 2*w = -2*i - 2*w + 22. What is the remainder when c is divided by i?
6
Suppose -4*l + 4 = -5*l. Let v be (9/(-6))/((-6)/(-8)). Calculate the remainder when 27/6 - v/l is divided by 2.
0
Calculate the remainder when 9 + (-12 - -10) + 14 + -1 is divided by (14/3)/((-2)/(-3)).
6
Suppose 169 = l + 33. Calculate the remainder when 14 is divided by (2*1/4)/(17/l).
2
Suppose -259 = 2644*t - 2651*t. What is the remainder when (-5 - -2) + 2 + 257 is divided by t?
34
Suppose l - 8*b = -6*b + 37, -3*b - 32 = -l. What is the remainder when 86 is divided by l?
39
Let c = -656 + 664. Calculate the remainder when 135 is divided by c.
7
Let x = -67 - -122. Suppose 5*a + x = 3*n - 28, 2*n - 60 = a. Calculate the remainder when n is divided by -1 + -17*1*-1.
15
Suppose 44*g - 4004 = 31*g. Calculate the remainder when g is divided by 39.
35
Let c(a) = 22*a + 6. Let r = -5 + 9. What is the remainder when c(r) is divided by (2 - (-6)/(-4))*48?
22
Let t be (-10)/6*6/(-2). Suppose -3*w - 3*k + 26 = -55, 10 = t*k. Calculate the remainder when w is divided by 14.
11
Suppose 2*p - 47 = 2*v - 149, -5*p = 0. What is the remainder when v is divided by ((-1)/(-2))/1*54?
24
Suppose 0 = 3*s - 64 - 167. Let i = -39 + s. Let b = i - 17. What is the remainder when 39 is divided by b?
18
Let i(s) = 2*s**3 + s**2 - 2*s - 5. Let o be i(0). Calculate the remainder when 3/o - 4332/(-95) is divided by 4.
1
Let i = -424 + 449. Calculate the remainder when 245 is divided by i.
20
Suppose 0 = p + 168 - 191. What is the remainder when 343 is divided by p?
21
Let l = 313 - 310. What is the remainder when 64 is divided by l?
1
Let m(s) = s**2 - 1. Let k be m(0). Suppose -3*f + 84 + 162 = 0. Calculate the remainder when f is divided by k - (-30 + -2 + 3).
26
Calculate the remainder when 69 is divided by 1 + 10/2 + (-1120)/(-32).
28
Let w be 0 - (2 + (-2 - -1)). What is the remainder when -1 + 60*(-7)/((-84)/8) is divided by (w + 8)/((-3)/(-6))?
11
Let h(x) = 12*x. Suppose 6*a + 5*v = a - 15, -4*v = 16. Suppose 2*d + 46 = 3*d. Calculate the remainder when d is divided by h(a).
10
Suppose 2*v + 29 = k - 3*v, -2*v - 10 = 0. Suppose 0 = 5*h - 3*h - k*p - 28, 56 = 4*h - 5*p. Calculate the remainder when 39 is divided by h.
11
Suppose -18 = 6*k - 7*k. Suppose -18 = o + k. Let 